 2*v + 2. Let w be x(2). Let l(y) = 2 + 1 + 4 - 5*y - y**2. What is the units digit of l(w)?
1
Let z(d) = 2*d + 13. What is the tens digit of z(6)?
2
What is the hundreds digit of 14570/50 - 4/10?
2
Suppose 3*t - 34 - 23 = 0. What is the units digit of t?
9
Let g(q) = -3*q**2 - 2*q + 4. Let u(a) = 4*a**2 + 3*a - 4. Let r(t) = -3*g(t) - 2*u(t). What is the tens digit of r(-4)?
1
Let p(y) = -17*y - 4. Let k = 6 - 8. What is the tens digit of p(k)?
3
Let i(w) = -w**2 - 14*w - 11. Let u be i(-9). Let x be (10/(-6) - -2)*69. Suppose 0 = z - k - 2*k - x, -u = -3*z + 2*k. What is the units digit of z?
8
Suppose -p = -0*p. What is the units digit of p + 1 + (-1 - -1)?
1
Suppose -2 + 6 = 4*h. Let i be (11 - 6) + h/1. Suppose 2*t - 12 - i = 0. What is the units digit of t?
9
Let t(h) = -5*h - 3. Let x be t(-5). Suppose 17*w + 155 = x*w. What is the tens digit of w?
3
Let w(n) = 2*n**3 - 4*n**2 - 6. What is the tens digit of w(4)?
5
What is the units digit of -6*4/6 - (-291 + 5)?
2
Let f = 34 - 27. What is the units digit of f?
7
Suppose -3*r + r + 5*j = -31, -5*r + j + 135 = 0. What is the units digit of r?
8
Let h(b) = -b**2 - 11*b + 6. What is the units digit of h(-10)?
6
Let y(i) = 3*i**3 - 3*i**2 + 5*i - i**3 - 3 + 0*i**3. Let v(p) = p**3 - p**2 + p - 1. Let r(x) = -3*v(x) + y(x). What is the units digit of r(-2)?
4
Suppose 0*g - 10 = 2*r - 3*g, 2*r + 2 = g. What is the units digit of r?
1
Let k = -171 + 239. Suppose k = 5*n + 4*z + 4, 0 = -n - 4*z. What is the tens digit of n?
1
Let o = -21 + 38. What is the units digit of (-11 - -10)*o*-1?
7
Suppose -2*j - 2*j + 20 = 0. Suppose -j*b = -2*c - 45, 3*c + 36 = 4*b - 0*c. What is the units digit of b?
9
Let k = 12 - 14. Let t = k + 38. What is the units digit of t?
6
Suppose -3*s + 3 = -3. What is the units digit of s*21/(-12)*-2?
7
Let f(l) = 50*l + 4. Let c be f(3). Suppose -26 = -2*z - 2*w + 130, -w = 2*z - c. Suppose -j + 60 = 3*j + 3*t, -5*j - 4*t + z = 0. What is the tens digit of j?
1
Let d = -12 + 15. What is the tens digit of (-72)/(-3) + d + -1?
2
Let o = 116 + -32. What is the tens digit of o?
8
Suppose 0 = 5*o + h + 2*h - 146, 0 = -3*o - 4*h + 92. What is the units digit of o?
8
Let l(t) = -13*t**2 + 5*t - 5. Let w(q) = -144*q**2 + 56*q - 56. Let p(o) = -56*l(o) + 5*w(o). Let z be p(-1). Let m = -5 + z. What is the units digit of m?
3
Suppose -2*x - 8 = 0, -3*x + 106 = 3*i - x. What is the tens digit of i?
3
Let b(t) = 5*t - 5. Let k(i) = -6*i + 5. Suppose -g - 16 = 3*g + 3*c, -3*g = -5*c + 12. Let o(v) = g*k(v) - 5*b(v). What is the units digit of o(-4)?
9
What is the units digit of (-12)/((-6)/(6 - 3))?
6
What is the tens digit of (-1980)/(-21) - 2/7?
9
Let q = 61 - 30. What is the tens digit of q?
3
Let h = 177 + -89. What is the units digit of h?
8
Suppose d = -4*d. Suppose d*c + 3*o + 51 = 4*c, 5*c - 65 = 5*o. What is the units digit of c?
2
Let w = 60 + 30. Suppose 7*j = 12*j - w. What is the units digit of j?
8
Let r(y) = -4*y + 3. Let k be r(2). What is the units digit of (-38)/k + (-6)/(-15)?
8
What is the units digit of 4/(-10) - (-414)/10?
1
What is the units digit of ((-96)/15)/((-2)/10)?
2
Let l = -2 - 1. Let o = 10 + l. Suppose 0 = 2*a - 33 + o. What is the tens digit of a?
1
Let b(n) = -n**3 + 5*n**2 - n + 1. Let r be b(5). Let h = 0 + r. What is the tens digit of (-47)/h - (-12)/(-16)?
1
Suppose -4*f + 100 = -5*q, 4*f = -f - 3*q + 125. What is the tens digit of f?
2
Let j = -3 + 8. Let m = 5 + j. Suppose m = i + i. What is the units digit of i?
5
Suppose -2*i - 2*b + 2 = -2, -2*i + 3*b = 1. Let q(z) = -z**2 + 2*z. Let h be q(2). Suppose i + h = x. What is the units digit of x?
1
Let m = -3 - 9. Let i = m + 23. What is the units digit of i?
1
Let c be (-34)/(-10) + (-4)/10. Suppose 5*g - 5 = 2*f, -2*f - 4 = -c*g - g. Suppose f = 2*k - 6, -u + 0*k = 2*k - 7. What is the units digit of u?
1
Let v(f) be the first derivative of f**3 - f**2/2 - 4*f - 6. What is the tens digit of v(-3)?
2
Let s(b) = 3*b**2 - 25*b - 12. What is the tens digit of s(14)?
2
Let z = 1 - 5. Let o = 5 + z. What is the units digit of o?
1
Let x(k) = k**2 + 4*k + 4. Let q(l) = -4*l**2 + l. Let u be q(1). Let j be x(u). What is the tens digit of (-7)/j*(-8 - -6)?
1
Suppose -3*x + 5 = -7, n + 11 = 3*x. Suppose b - n = 3. Suppose b*j - z = 12, -3*j + 2*z = 3*z - 2. What is the units digit of j?
2
Suppose 5*t - 1 = -26. Let v = t - -8. Suppose -v*c = 3*g - 2 - 1, -2*g = -5*c - 9. What is the units digit of g?
2
Suppose -211 - 248 = -9*d. What is the tens digit of d?
5
Let q = 16 - -58. What is the units digit of q?
4
Let t = 10 - 3. Let s = t - -5. What is the units digit of s?
2
Suppose 5*g + 6*g - 154 = 0. What is the tens digit of g?
1
Suppose 0 = 3*h + 23 + 7. Let b = -11 + 3. What is the units digit of (b/h)/((-2)/(-20))?
8
What is the units digit of (3 - 8 - -4) + 24?
3
Suppose 3*h - 12 - 48 = 0. What is the tens digit of h?
2
Suppose -17 = -z + 6*z - x, 8 = -4*z - 2*x. What is the units digit of (-2 + 14)/z + 41?
7
Suppose -5*q = 10, -3*q + 15 - 3 = n. Let i(t) = -5*t + 1. Let j be i(-2). Let x = n - j. What is the units digit of x?
7
Let q(o) = -o - 12. Let l be q(-10). Let f be 2 - (-3 - l)*93. Suppose 0 = -3*a + i + 3 + 47, -5*a = -4*i - f. What is the tens digit of a?
1
Let v = 35 + 4. Suppose 0 = 4*c + 3*h + v, 5*h = -26 + 1. Let j = -1 - c. What is the units digit of j?
5
Suppose -3*l + 28 + 92 = 0. Suppose 9*v - l = 4*v. What is the units digit of v?
8
Suppose -7 - 1 = -4*j. What is the units digit of j?
2
Suppose 5*r - 7*r + 28 = 0. What is the tens digit of (7/r)/(2/156)?
3
Suppose -2*h - 3 = -9, 0 = -3*m + 5*h + 297. What is the units digit of m?
4
Suppose 0 = -4*p - 0*p + 20. Suppose 4 = -2*t, p*j + 4*t = -t + 10. Suppose -3*f + 34 = k, f + 0*f - j*k = 7. What is the tens digit of f?
1
Let b(f) = 6*f**2 - f - 1. Let t(o) = 5*o + 11. Let s(r) = 3*r + 7. Let g(v) = -8*s(v) + 5*t(v). Let k be g(0). What is the units digit of b(k)?
6
Let r be (-4)/2*-17 - 0. Suppose 5*n - 3*x = r, -3*n + 12 = -2*x - 8. Suppose 5*h - 9*h + n = 0. What is the units digit of h?
2
Suppose -4*k + 44 = 2*u + 2*u, -u + 16 = 2*k. Suppose 0 = 3*j - o - u - 38, 2*o + 13 = j. What is the units digit of j?
5
What is the hundreds digit of 640/6 - (-13)/39?
1
Suppose 56 = 3*x - i, -x + 2*i + 0*i + 17 = 0. What is the tens digit of x?
1
Let w(n) = -3*n**3 - n. Suppose 4*u + 1 = 3*u. Let j be w(u). Suppose j*v = -0*v + 44. What is the units digit of v?
1
Let x(m) = m**2 + 6*m + 6. Let p be x(-6). Let v = p - 0. What is the units digit of v?
6
Let n = 10 - 1. Let w = n + -4. Suppose -m - 2*q + 19 = 0, -4 - 8 = -m + w*q. What is the units digit of m?
7
Let u(q) = 6*q**3 + 30*q**2 - 26*q - 4. Let x(c) = c**3 + 6*c**2 - 5*c - 1. Let i(f) = -2*u(f) + 11*x(f). What is the units digit of i(5)?
7
Suppose -5*l - 2*j + 448 = 114, -2*l + 5*j + 122 = 0. What is the tens digit of l?
6
What is the tens digit of 11 + -11 - (2 - 74)?
7
Let z = 9 + -7. Let g = 8 + -20. What is the units digit of ((-8)/3 + z)*g?
8
Suppose 0 = -10*u + 93 + 287. What is the tens digit of u?
3
Let v(q) = 10*q**2 - 2*q + 1. Let d be v(1). Suppose 4*j + 4 = -f + 1, -2*j - d = -f. Suppose -f*g + 0*g = -75. What is the tens digit of g?
1
Suppose 7*o - 18 = 4*o + 4*a, 0 = 4*o + 4*a + 4. Suppose 5*x - 2*y - 89 = 0, o*y + 38 = -2*x + 4*x. What is the tens digit of x?
1
Suppose -181 = -2*p + 5*t, 0 = -5*p + t - 25 + 420. What is the units digit of p?
8
Suppose 3*l = -0*l + 12. Let p be 2*(-2)/l + 6. Suppose -3*m + 6 = 0, -32 = -p*z + 4*m + 35. What is the units digit of z?
5
Let r(y) = 8*y**3 - y**2 + y - 1. Suppose d + 4*d = f - 16, 0 = -3*f - 2*d - 3. What is the units digit of r(f)?
7
Suppose -5*m = -28 - 22. Let n be 8/12*30/(-4). Let k = m + n. What is the units digit of k?
5
Let k be (2/6)/(2/30). Suppose 0 = 2*l - 1 - k. Suppose 0 = f + 3*o - 5 - 6, 0 = l*f + 3*o - 15. What is the units digit of f?
2
Let k be 273/(4 - 5/2). Suppose -3*c + 127 = -5*z + 8, -4*c + k = 5*z. What is the units digit of c?
3
Let t(n) = 2*n**2 - 2*n - 2. Let w be t(3). Suppose -w = -4*h + 2*h. What is the units digit of h?
5
What is the units digit of 44/(-44) + (0 - 162/(-2))?
0
Let j be 348/42 - 2/7. Let d = 3 + j. Suppose 3*p - 3 - d = -a, -4*a + 29 = 3*p. What is the units digit of p